 of 186022980?
True
Is 1431 a factor of 30003777?
True
Is 995907474 a multiple of 9?
True
Is 1626599 a multiple of 593?
True
Is 491 a factor of 23478878?
False
Is 93342733 a multiple of 187?
True
Is 18 a factor of 53659368?
True
Is 1268266283 a multiple of 47?
True
Is 14 a factor of 1401130136?
True
Does 147 divide 78896370?
True
Is 696 a factor of 29303765?
False
Does 3 divide 4498726?
False
Is 248 a factor of 83553928?
True
Is 1532728902 a multiple of 90?
False
Is 2 a factor of 261147462?
True
Does 45 divide 74186464?
False
Does 245 divide 28806120?
True
Does 8 divide 118442884?
False
Does 12 divide 247805682?
False
Is 33507828 a multiple of 161?
False
Does 2354 divide 772634016?
False
Is 16922886 a multiple of 14?
False
Is 37503106 a multiple of 108?
False
Is 249065138 a multiple of 22?
False
Does 32 divide 277381386?
False
Is 3 a factor of 104845?
False
Does 20 divide 7617419?
False
Is 7 a factor of 8039844?
False
Does 54 divide 130747014?
True
Does 20 divide 2398911400?
True
Is 3119 a factor of 847499689?
False
Does 1079 divide 195660066?
False
Does 23 divide 2132982072?
False
Does 249 divide 549601764?
True
Is 175840840 a multiple of 268?
False
Is 4775 a factor of 5788297286?
False
Does 17 divide 29499014?
False
Does 105 divide 82733175?
True
Is 15 a factor of 21657330?
True
Does 9 divide 6419799?
True
Is 19 a factor of 204799870?
False
Is 2604 a factor of 345496116?
True
Does 16 divide 10111504?
True
Does 19 divide 18414184?
False
Does 46 divide 209250647?
False
Does 889 divide 103697405?
True
Does 50 divide 14003931?
False
Is 13 a factor of 53818700?
True
Is 13460016 a multiple of 3130?
False
Is 37 a factor of 501810872?
True
Is 482 a factor of 850715636?
False
Is 1447505318 a multiple of 6789?
False
Is 78 a factor of 359924779?
False
Is 218 a factor of 11829334?
True
Is 1993 a factor of 2096303169?
True
Is 194 a factor of 41017226?
True
Does 1216 divide 8589890?
False
Does 45 divide 9609654?
False
Is 1050 a factor of 262775100?
True
Is 198466774 a multiple of 137?
False
Is 108 a factor of 14179860?
True
Is 9 a factor of 4149522?
True
Does 3 divide 378832?
False
Does 28 divide 196952866?
False
Is 114 a factor of 199432104?
False
Is 182 a factor of 3453212?
False
Is 5387556 a multiple of 53?
True
Is 30920778 a multiple of 894?
True
Is 169646784 a multiple of 17?
False
Does 100 divide 1182973226?
False
Is 2930 a factor of 305364600?
True
Is 18808122 a multiple of 28?
False
Does 34 divide 20083188?
True
Does 426 divide 237581052?
True
Is 8 a factor of 47324788?
False
Is 10 a factor of 34740920?
True
Is 357 a factor of 51123338?
False
Is 3845 a factor of 365674880?
True
Does 37 divide 3412156?
False
Is 408 a factor of 6481407624?
True
Is 354034718 a multiple of 1295?
False
Is 30 a factor of 7009680?
True
Does 328 divide 5025288?
True
Does 717 divide 45372814?
False
Does 2668 divide 1556101609?
False
Does 515 divide 135226554?
False
Is 17 a factor of 144752824?
True
Is 156298109 a multiple of 451?
True
Is 302 a factor of 38651772?
True
Does 593 divide 367249124?
False
Is 107 a factor of 968525480?
True
Does 5 divide 1585872?
False
Is 4 a factor of 197850659?
False
Is 648 a factor of 673606368?
True
Is 26 a factor of 1528514?
True
Is 518 a factor of 79758014?
True
Is 415 a factor of 970802897?
False
Is 4644305 a multiple of 17?
False
Is 1015 a factor of 2906886?
False
Is 58 a factor of 163269710?
True
Is 1382367824 a multiple of 3572?
False
Is 3816 a factor of 4983696?
True
Is 15 a factor of 353845596?
False
Is 1586 a factor of 882236290?
True
Does 722 divide 679479853?
False
Is 41 a factor of 64467880?
False
Is 814 a factor of 46980010?
True
Is 20 a factor of 531967013?
False
Is 9 a factor of 82319004?
True
Is 3910461 a multiple of 1375?
False
Is 9 a factor of 27971238?
False
Does 785 divide 399407215?
True
Is 352725689 a multiple of 233?
False
Is 48266535 a multiple of 69?
True
Does 9 divide 1507515633?
True
Does 474 divide 17771682?
True
Is 892 a factor of 67807974?
False
Is 6 a factor of 766241424?
True
Is 162 a factor of 81477090?
True
Does 99 divide 1027429?
False
Does 24 divide 794989155?
False
Does 2104 divide 4542563?
False
Does 949 divide 1141861651?
False
Is 190 a factor of 2765758750?
True
Does 83 divide 5872982530?
False
Does 7 divide 30615317?
False
Is 861 a factor of 435422368?
False
Does 15 divide 381126338?
False
Is 459 a factor of 20720594?
False
Does 42 divide 154916202?
True
Is 187681558 a multiple of 233?
False
Is 9 a factor of 2300956726?
False
Is 2975121793 a multiple of 15?
False
Is 498058308 a multiple of 6?
True
Is 292055435 a multiple of 1739?
False
Is 1940 a factor of 22606820?
True
Is 78942762 a multiple of 1863?
True
Is 338731963 a multiple of 61?
True
Is 16 a factor of 14682047?
False
Does 1866 divide 4450521276?
False
Does 458 divide 3117148?
True
Is 10 a factor of 8517187?
False
Is 4933988352 a multiple of 16?
True
Is 45 a factor of 41138202?
False
Is 6 a factor of 21157956?
True
Is 139 a factor of 925323?
True
Does 9 divide 398769948?
True
Is 79 a factor of 128334655?
False
Is 32183603 a multiple of 210?
False
Does 64 divide 51984086?
False
Is 14 a factor of 103290516?
True
Is 938 a factor of 6800527202?
True
Is 304563800 a multiple of 232?
True
Does 431 divide 20232617?
False
Is 10748764 a multiple of 131?
False
Does 6 divide 230356148?
False
Does 87 divide 22598503?
False
Is 19 a factor of 103268860?
False
Is 223 a factor of 57001699?
True
Is 5 a factor of 14515965?
True
Is 18 a factor of 94632336?
True
Is 31 a factor of 34919572?
False
Is 25 a factor of 1281538950?
True
Is 76880928 a multiple of 12?
True
Does 307 divide 60269933?
True
Does 2104 divide 261089158?
False
Is 159 a factor of 102170271?
False
Is 149672968 a multiple of 8?
True
Is 185898172 a multiple of 108?
False
Is 41 a factor of 48623376?
True
Is 2075 a factor of 3356051050?
True
Does 51 divide 771433650?
True
Does 77 divide 79256095?
False
Is 46 a factor of 164695456?
True
Is 138933844 a multiple of 29?
False
Is 172 a factor of 128471444?
True
Does 580 divide 115122460?
True
Is 21465423 a multiple of 3443?
False
Is 330146496 a multiple of 16?
True
Is 3 a factor of 17196740?
False
Is 161 a factor of 308318544?
False
Is 151 a factor of 38000557?
False
Is 2 a factor of 4611098?
True
Does 539 divide 2322560163?
True
Is 199371436 a multiple of 11?
True
Does 45 divide 5946615?
True
Does 31 divide 38510438?
False
Is 72365959 a multiple of 345?
False
Does 42 divide 9023868?
True
Does 22 divide 43797439?
False
Is 81 a factor of 1465581438?
True
Is 39 a factor of 46176429?
True
Is 407380089 a multiple of 414?
False
Does 264 divide 211314312?
True
Does 9 divide 751982301?
True
Does 70 divide 173305720?
True
Does 129 divide 29643563?
False
Is 637665 a multiple of 196?
False
Is 106 a factor of 5179665233?
False
Does 224 divide 58386496?
True
Is 1234 a factor of 192377122?
False
Is 100 a factor of 48536830?
False
Is 8232178 a multiple of 3?
False
Is 1022 a factor of 365574544?
False
Is 502999778 a multiple of 3301?
True
Does 7 divide 26984672?
False
Is 896 a factor of 598157808?
False
Is 413779356 a multiple of 15?
False
Is 4 a factor of 31880940?
True
Is 56 a factor of 188017335?
False
Does 899 divide 614534133?
False
Does 249 divide 1165717155?
True
Is 426 a factor of 607894332?
True
Is 66 a factor of 180418326?
True
Does 10 divide 16117680?
True
Is 580 a factor of 167719760?
True
Does 58 divide 556977882?
False
Does 230 divide 4593560?
True
Is 467 a factor of 66552637?
True
Is 66 a factor of 2529088518?
True
Does 347 divide 27141134?
False
Does 83 divide 101103973?
False
Does 1473 divide 957236415?
True
Is 10872744 a multiple of 4?
True
Is 1839096607 a multiple of 33?
False
Does 2 divide 29237148?
True
Is 1204387904 a multiple of 976?
True
Is 4993220 a multiple of 29?
True
Is 9443822 a multiple of 1813?
False
Is 827675751 a multiple of 386?
False
Does 3414 divide 190876740?
True
Is 70 a factor of 452483150?
True
Is 1054 a factor of 193729584?
False
Is 62 a factor of 421646562?
True
Does 211 divide 608389842?
False
Is 6 a factor of 350287518?
True
Is 1192302657 a multiple of 11?
False
Does 17 divide 571446262?
True
Does 600 divide 36511200?
True
Is 4655835 a multiple of 45?
True
Does 263 divide 131100503?
True
Is 157809305 a multiple of 569?
True
